 - (2 - -9) - 0.
-1
Calculate (-2 - -1) + 5 + (-25 - -21).
0
Calculate 0 + 4 - (6 - 2 - 2).
2
2 - (0 - (2 - 0))
4
2 - (-9 + 14) - (-1 + 3)
-5
What is (-2 + 0 - -1 - -6) + -5?
0
What is 6 + 0 - (2 + -1 + 4)?
1
What is -24 + 22 - (-1 - (0 + 6))?
5
What is 4 - (-2 + 5) - 3 - -3?
1
What is the value of 5 + 2 - (48 + -34)?
-7
Evaluate (0 - 0) + -3 - (-23 - -27).
-7
Evaluate 7 + -5 + (-6 - -10).
6
What is (0 - (2 + 3)) + (-22 - -34)?
7
What is 7 + (6 - 1) + -6?
6
What is -75 + 78 + (0 - 9)?
-6
What is (4 - 3) + -6 + 7?
2
(0 - -4) + (-7 - 17) + 18
-2
What is (0 + -1 - -2) + -5?
-4
Calculate -41 + 42 + 2 + -5.
-2
3 + (-2 - -3) + 3 + -3
4
Evaluate -7 + 11 + -6 + -3.
-5
0 + (0 - 7 - -5)
-2
0 - -2 - (-3 - -6)
-1
Evaluate 3 + (1 + -6 - -2) + 2.
2
What is -1 + -2 - ((2 - -4) + -7)?
-2
(-2 - -7) + 20 + -25 + -6
-6
Calculate 6 + -2 + (4 - 3) + 3.
8
Evaluate 7 + -16 - (-2 - 5).
-2
Calculate -2 + 15 + -1 + -2 + -3.
7
What is the value of (2 - 2 - -2) + 0?
2
Evaluate 14 + (-3 - ((-1 - 1) + 3)).
10
Evaluate 30 + -28 + -4 + 0.
-2
Evaluate (-1 - -5) + 1 - 11.
-6
Evaluate 0 - 4 - 3 - -3.
-4
(10 - 7 - (1 + 1)) + 4
5
Evaluate 1 + 0 + -4 + (-1 - 1).
-5
Evaluate 4 + (-2 - (8 + -6)).
0
What is the value of (-2 + 3 - (-3 + 1)) + -6?
-3
Evaluate 1 + (-4 - (-3 - 1)).
1
0 - (2 + 0 + (-10 - -4))
4
What is -6 + 5 - (1 + -1)?
-1
What is the value of (-2 - (1 - 0 - 3)) + 2?
2
Evaluate (-2 + 2 - 3 - -5) + -2.
0
Evaluate -10 + 9 + -13 + 9.
-5
Calculate -2 - ((-7 - -1) + 5).
-1
What is the value of -102 + 105 + 3 + -1?
5
What is -5 + 5 - (-9 + 10)?
-1
Calculate 0 + -5 + 2 + (23 - 21).
-1
What is the value of -1 - 6 - (-10 + (15 - 10))?
-2
Calculate 17 + (6 - 13) - 4.
6
-11 + (-7 + -6 + 13 - -4)
-7
11 - 16 - (-8 - -9)
-6
Evaluate 3 + -1 + 1 + -5 + 2.
0
Evaluate -1 + (1 + -4 - -5 - 3).
-2
Evaluate 6 + -4 + 5 + -10.
-3
What is the value of 0 - (2 + -2 - (1 + -8))?
-7
What is (1 - -1) + (16 + -13 - 13)?
-8
Calculate 10 - 13 - (-8 - (-3 - -2)).
4
-2 + (-3 - (6 + -9))
-2
Calculate 1 + 2 + -2 + -1.
0
What is (-10 - -21) + 2 - 9?
4
Evaluate -1 + (-1 - -3) + 2 + -1.
2
0 - (-4 + 6 - 4)
2
3 - (1 - (-4 - -5)) - -1
4
Calculate (2 - 1) + (7 - 3).
5
Calculate -5 + (7 - 5 - 0).
-3
What is -1 - ((11 - 7) + -10)?
5
What is the value of -1 - ((0 - -1) + (-5 - 0))?
3
Calculate 7 - ((-9 - -9) + 9).
-2
Evaluate -5 + (11 - 10) - 2.
-6
-3 + (3 - 4) + 11
7
What is -1 + -1 - (-5 + 3)?
0
What is (1 - -4 - (0 + 2)) + 1?
4
What is the value of 4 + (-2 - (-4 + -2 + 2))?
6
What is the value of -18 + 16 - (-2 + 0) - 1?
-1
-1 - (0 - (4 - 2))
1
Calculate -1 + 0 - (2 + -6).
3
Calculate 1 + (-7 - (-8 - 0)).
2
What is ((3 - 7) + 7 - 2) + 1?
2
What is -3 - (2 - 0 - 2 - 1)?
-2
Calculate 4 + (-2 - 1) - (-1 - -3).
-1
Evaluate -22 + 18 - (-1 - (2 + -1)).
-2
3 - 2 - (3 + 1 + 2)
-5
What is the value of 0 - (0 - (-5 + 3 + 4))?
2
What is -4 + 3 + 2 + (0 - 3)?
-2
Evaluate 0 + (2 - 4) + (2 - 2).
-2
Evaluate -4 - (-2 + -1 + (0 - 0)).
-1
Calculate 6 - (21 - 7 - 6).
-2
What is -1 + 3 + (5 - 11)?
-4
0 + (2 - (5 - 1) - -1)
-1
-9 + (-13 - -26 - -5)
9
Calculate 0 - 6 - (1 + (-6 - -4)).
-5
Calculate -9 - -7 - (0 - -1).
-3
Evaluate 0 - (-6 + 15 - 4).
-5
Calculate -8 - (-6 + 7 + -3).
-6
-1 - 3 - (-1 + -5)
2
Evaluate -7 - -6 - (4 - 1).
-4
Calculate (4 - -1) + -7 + (3 - 1).
0
What is 6 - 0 - 3 - 6?
-3
(3 - 0 - 1) + (-99 - -104)
7
Calculate -6 - (-2 + -7 + 0) - -1.
4
What is 1 + -4 + (-9 - -18)?
6
What is 1 + -5 + (-6 - -6)?
-4
What is the value of (-1 - (0 + 1 - 5)) + 2?
5
Calculate -7 + (5 - (2 + 2)) + 4.
-2
3 + -2 - 2 - -1
0
((-5 - -2) + 3 - 2) + 4
2
Evaluate 2 - (-4 - -9) - (1 - -1).
-5
What is the value of -7 + 3 + 0 - -1?
-3
-3 + (11 - 0) + -8
0
What is the value of -1 + 6 + -3 + -4?
-2
16 + -15 + 0 + -3 + 0
-2
What is -1 - -4 - (-6 + 11 - 8)?
6
What is the value of 0 + -7 - (-17 + -7 + 27)?
-10
What is the value of (-6 - -7) + (-24 - -15)?
-8
Evaluate -4 + 2 - (-28 + 26).
0
Evaluate (15 - (7 - 3)) + -6.
5
-1 + 6 + (9 - 10)
4
What is the value of -4 - (0 - (-2 - -3)) - -4?
1
Calculate 8 + -15 + (-2 - -1).
-8
Evaluate -2 + 7 + 18 + -15.
8
Calculate 13 - 21 - (0 + -3).
-5
Calculate 0 - (0 + 4 + -2).
-2
Calculate -1 + 3 - ((-19 - -4) + 16).
1
What is 0 + 6 + -3 - 0?
3
What is -1 + -12 + -12 + 21?
-4
Evaluate -1 + -6 + 7 + -24 + 17.
-7
(-5 - -7 - 6 - 8) + 8
-4
(-1 - -5) + (-10 - -12) + -2
4
13 - (11 - (10 - 7))
5
What is the value of -3 + 2 + -1 + 4 + -5?
-3
Calculate 3 - (7 + -2) - (3 - 5).
0
(28 - 28) + (2 - 0)
2
Calculate 6 + -4 + -5 + 0 + 4.
1
Calculate 1 - (11 - (5 + 0)).
-5
0 + 1 + (-33 - -32)
0
What is the value of 1 + 4 + (-1 - -4) - -2?
10
What is the value of 23 + -28 + (-1 - 1) - -1?
-6
Evaluate -6 - (-1 - -5 - 8).
-2
-9 - ((1 - (5 - -5)) + 3)
-3
3 - 17 - (-6 + -3)
-5
What is 0 + 0 - ((1 - 0) + -6)?
5
-3 - -12 - (6 - 2)
5
Evaluate 5 + -1 + -3 + -5 + 1.
-3
Calculate (-5 - (-8 + 0)) + -4.
-1
Evaluate -4 - (2 + -3 - 5) - 3.
-1
Calculate 12 + -8 + 1 + -4.
1
Evaluate (1 - 4) + (0 - (3 - 6)).
0
Calculate 5 + 2 - (0 + 4).
3
What is 3 - (3 + (2 - (2 - -5)))?
5
Calculate 5 + -13 + 1 + 3 + 9.
5
What is 0 - 2 - -7 - 5?
0
What is -4 - -7 - (7 - 0)?
-4
Calculate (2 - 3) + 4 + -2.
1
What is (6 - 0 - 1 - 3) + 2?
4
What is -1 + 3 + (2 + 0 - 4)?
0
What is 4 + 0 - ((9 - 2) + 1)?
-4
Calculate 2 + -2 - (3 - (6 - 0)).
3
Calculate 3 + -2 - -2 - (3 + 1).
-1
Calculate 8 + (2 - -4 - 6).
8
(-2 - -14) + 2 + (-17 - -9)
6
What is the value of 19 + -7 + 3 + -11?
4
Evaluate 8 + -1 + 0 + -10.
-3
Calculate -8 + (6 + -4 - -5).
-1
What is -37 + 34 - (0 + 0)?
-3
0 + 3 + 5 + 3 + -2
9
What is (-3 - -5) + -8 + -2?
-8
What is 0 - (0 + -2) - (-394 - -390)?
6
Calculate 18 + -3 + -8 - 6.
1
What is the value of 0 - (8 - (8 + 5))?
5
Evaluate -7 + 8 - (-7 + 3 + 0).
5
-2 - (5 + 2) - (-7 - -6)
-8
What is the value of (5 - (7 + 0 + -3)) + 5?
6
What is the value of 7 + -7 + 1 + -5?
-4
Calculate (-2 - (1 + 0)) + 2.
-1
Evaluate -8 - (-1 + 3 - (-4 + 7)).
-7
What is -4 - (-8 + 3 + -7 + 7)?
1
-3 + 3 + 23 + -28
-5
Calculate -3 + (0 - -1) - -3 - 0.
1
Calculate -1 + (3 - (1 - -1)) + 0.
0
What is the value of 4 - (0 + -3 + 10)?
-3
What is 8 + -19 + -3 + 9?
-5
Evaluate 2 + 2 + -8 + 1 - -3.
0
Evaluate -2 + 1 + 20 + -23.
-4
What is -9 + 9 - (0 + 2) - -2?
0
What is 25 + -15 - (6 + -4)?
8
What is 0 - 5 - (16 + -21)?
0
-2 - (-9 + (-1 - -4))
4
What is (-26 - -27) + 0 + -4 + 1?
-2
Evaluate -1 - ((-6 - -2) + 3) - 4.
-4
What is 10 + -1 - 4 - (0 + -4)?
9
Calculate -36 + 42 - (-1 + -1 + 6).
2
-1 + (4 + -1 - 2)
0
Calculate -5 - (-16 + 6 - -9).
-4
Evaluate 0 + 1 + (16 - 15).
2
What is the value of -4 + 1 - (-2 - (0 + -4))?
-5
What is the value of 1 - 4 - (-9 - -8)?
-2
Evaluate -12 - (-4 - 4 - 1).
-3
0 - 0 - ((2 - -1) + -7)
4
(4 - 9 - 4) + 20
11
4 + (-7 - -4) - 2
-1
Evaluate -5 + 5 - (4 + -1 + 3).
-6
6 + (-10 - ((5 - 8) + -2))
1
(-1 - -9) + (-10 - 7) - -6
-3
(2 - 5) + 1 + 2 + 1
1
Evaluate (0 - 2) + (3 - (-3 + 3)).
1
What is 1 + (1 - 0) + -1?
1
Calculate 3 + (-1 - (-4 - -2)) - -1.
5
Evaluate (-9 - -3) + 2 + 7.
3
What is the value of (-32 + 34 - (-3 - 1)) + -10?
-4
-10 - (-9 + -4 + 6)
-3
What is 6 + -4 - -1 - (0 - -2)?
1
Evaluate 4 + (-7 - -9 - -1).
7
What is -9 + -42 + 46 + (-1 - 0)?
-6
What is the value of -8 + (20 + 2 - 13)?
1
Evaluate 1 + 4 + -3 + -2.
0
What is -1 + -1 + 1 + (-16 - -20)?
3
7 - (0 + 2) - 9
-4
(-7 - -4) + 4 + (-1 - -2)
2
Evaluate 11 + -7 + 0 + -2 + 1.
3
What is -5 + (5 - 5) + 3?
-2
What is the value of 1 + -3 - (2 + -1 + 0)?
-3
What is 0 + (4 - 9) - (-1 - 3)?
-1
What is 3 - (3 - 0 - -4)?
-4
Calculate (13 - 1) + 84 + -101.
-5
What is -42 - -37 - (0 - 1 - -1)?
-5
Evaluate (5 - 6) + (2 - 1) + 0.
0
What is 83 - 77 - (13 - 0)?
-7
2 + 0 - (-2 - -5)
-1
What is (-2 - -9 - 4) + 3?
6
Evaluate (-8 - (-6 + -5)) + -8.
-5
Evaluate (-46 - -49) + (-5 - -1) + 5.
4
What is -7 + 12 + -10 + 2?
-3
Calculate (-6 - 0) + (-3 - (-4 + -3)).
-2
-1 + 4 + -5 + 7
5
Evaluate 1 + (0 - 2) + (2 - -2).
3
-3 + (-8 + 1 - -15)
5
What is (4 - 2) + -4 + -1?
-3
Calculate (11 - (1 + 7)) + (1 - -1).
5
Evaluate 5 - 13 - -4 - -7.
3
What is the value of 0 + -3 - (-86 - -84)?
-1
What is 10 + (11 - (15 + -2))?
8
Evaluate 1 + 0 + 2 + -2 - 4.
-3
What is 6 + -4 + -3 + 2 + 2?
3
Evaluate 0 + -3 + -1 + 1.
-3
What is the value of -18 + -3 + 5 + -4 + 11?
-9
What is the value of 4 + 7 + -6 + -5 - 0?
0
Evaluate 3 - (-1 + 2 + (-1 - -3))